4 (base 6) in base 16?
4de
Convert -175 (base 10) to base 13.
-106
Convert 3442 (base 8) to base 2.
11100100010
What is -b65 (base 14) in base 3?
-10002011
-38193 (base 12) to base 4
-102213333
Convert -112212 (base 3) to base 4.
-12101
Convert 100011002 (base 3) to base 10.
6671
Convert -2100000 (base 3) to base 12.
-b99
3210 (base 4) to base 10
228
Convert 1492 (base 10) to base 2.
10111010100
1123112 (base 4) to base 13
2879
-2221212 (base 3) to base 6
-13552
-2558 (base 13) to base 6
-40332
What is 224 (base 13) in base 3?
111122
Convert -1111000011000 (base 2) to base 12.
-4560
Convert 1134 (base 14) to base 4.
232222
What is 1301 (base 7) in base 11?
407
What is -214004 (base 5) in base 3?
-101010022
-7326 (base 9) to base 16
-14fa
Convert be0 (base 16) to base 5.
44130
What is 42b9 (base 14) in base 16?
2d0b
Convert 4635 (base 7) to base 10.
1692
What is 41422 (base 5) in base 3?
10202101
What is 11011001 (base 2) in base 5?
1332
What is 10222221 (base 3) in base 9?
3887
Convert -4424121 (base 5) to base 11.
-52766
What is 659 (base 10) in base 12?
46b
-1121011 (base 3) to base 2
-10010001101
What is -72 (base 14) in base 7?
-202
Convert -3019 (base 10) to base 3.
-11010211
-1303 (base 5) to base 13
-128
401133 (base 5) to base 14
488c
Convert -472 (base 8) to base 16.
-13a
-1044350 (base 6) to base 4
-30321222
1110210112 (base 3) to base 15
88e2
211 (base 12) to base 6
1221
Convert -5615 (base 7) to base 8.
-3745
Convert 160 (base 12) to base 8.
330
-1c641 (base 14) to base 3
-10200120001
Convert -10111111 (base 2) to base 10.
-191
-213 (base 7) to base 13
-84
740 (base 10) to base 16
2e4
Convert -122120220 (base 3) to base 5.
-402242
What is -22001 (base 4) in base 14?
-33b
Convert 120 (base 8) to base 15.
55
What is 4587 (base 9) in base 2?
110101001000
Convert -2a0 (base 14) to base 11.
-444
What is 143 (base 15) in base 7?
561
9 (base 11) to base 8
11
What is 16027 (base 8) in base 11?
5448
-425 (base 10) to base 7
-1145
Convert 11001011 (base 2) to base 9.
245
Convert 1114302 (base 5) to base 3.
1000100222
25050 (base 7) to base 3
22222200
What is 102123 (base 4) in base 6?
5243
Convert -15992 (base 15) to base 8.
-210036
Convert -b7ed (base 16) to base 3.
-2101120220
-5421 (base 12) to base 15
-2b11
Convert 13635 (base 8) to base 5.
143140
Convert -81 (base 10) to base 9.
-100
What is -1545 (base 11) in base 12?
-1195
Convert 3414 (base 11) to base 13.
2077
Convert 6a8a (base 11) to base 3.
110202020
1001213 (base 4) to base 15
139e
What is -1288 (base 13) in base 7?
-10501
Convert -10200 (base 5) to base 6.
-3043
What is -1400 (base 11) in base 4?
-130113
What is 1453 (base 10) in base 13?
87a
36197 (base 12) to base 13
271c9
1103434 (base 5) to base 4
10230230
1001001220 (base 3) to base 13
9411
Convert -591 (base 14) to base 10.
-1107
211112002 (base 3) to base 4
10000202
What is -3776 (base 10) in base 13?
-1946
Convert -bc2 (base 13) to base 4.
-133201
Convert -241 (base 11) to base 7.
-560
Convert -be (base 16) to base 10.
-190
Convert -746 (base 10) to base 2.
-1011101010
Convert -130d (base 15) to base 6.
-30451
What is 5171 (base 15) in base 6?
211354
351a (base 11) to base 8
11013
Convert 1104 (base 7) to base 11.
330
What is -211110 (base 4) in base 6?
-15020
-510 (base 8) to base 10
-328
Convert 445 (base 8) to base 4.
10211
Convert -b3 (base 12) to base 16.
-87
100200 (base 3) to base 16
105
Convert -828 (base 11) to base 2.
-1111100110
382 (base 13) to base 9
751
-2326 (base 9) to base 4
-122331
What is 124 (base 16) in base 9?
354
What is -1111000101100 (base 2) in base 7?
-31343
What is -2911 (base 10) in base 13?
-142c
-101101 (base 3) to base 13
-187
Convert -2012202 (base 3) to base 7.
-4463
What is 5c1d (base 14) in base 2?
11111011100011
What is -5608 (base 11) in base 13?
-3495
321333 (base 4) to base 3
12002110
What is -102a8 (base 11) in base 5?
-440001
Convert -11848 (base 9) to base 12.
-4752
Convert -2a0a (base 13) to base 15.
-1c14
-102100002 (base 3) to base 7
-33044
-11320 (base 5) to base 6
-3511
What is 20113 (base 5) in base 10?
1283
-44011 (base 6) to base 16
-17a7
-aa1 (base 12) to base 14
-7d7
What is aa (base 11) in base 3?
11110
Convert 2131 (base 5) to base 7.
564
Convert -47402 (base 8) to base 15.
-5ed6
Convert 102210110 (base 3) to base 16.
2196
What is -2075 (base 8) in base 13?
-656
-5452 (base 6) to base 14
-65a
1377 (base 9) to base 12
72a
What is -111010001111 (base 2) in base 15?
-1187
What is 35523 (base 6) in base 2?
1010000101011
Convert 18108 (base 12) to base 5.
2102322
What is -1b40b (base 12) in base 10?
-40331
Convert 53285 (base 11) to base 6.
1354541
Convert -6255 (base 10) to base 12.
-3753
Convert 547 (base 9) to base 13.
286
21202211 (base 3) to base 2
1011000100001
-1542 (base 11) to base 7
-5531
What is -1000011010 (base 2) in base 7?
-1366
What is 196 (base 15) in base 3?
111120
555 (base 7) to base 5
2120
1020233 (base 4) to base 9
6342
Convert 1915 (base 14) to base 8.
10657
-221001 (base 3) to base 14
-364
Convert -768 (base 13) to base 8.
-2365
Convert 111112 (base 3) to base 10.
365
Convert -14045 (base 6) to base 8.
-4215
What is 12102 (base 4) in base 5?
3102
-13621 (base 7) to base 5
-104424
What is -4740 (base 11) in base 15?
-1c95
-12201020 (base 3) to base 6
-31140
Convert 35624 (base 11) to base 10.
51330
Convert -1463 (base 8) to base 16.
-333
What is 20646 (base 7) in base 8?
12012
What is b09 (base 15) in base 7?
10146
Convert 12030212 (base 4) to base 7.
134000
Convert 110110 (base 3) to base 5.
2321
76fe (base 16) to base 12
15766
Convert 242161 (base 7) to base 13.
17044
What is 110000100 (base 2) in base 10?
388
30203 (base 9) to base 13
905a
Convert -4b81 (base 12) to base 8.
-20621
What is -120220112 (base 3) in base 2?
-10110101001101
-2051 (base 12) to base 9
-4737
What is -101000110100111 (base 2) in base 6?
-240435
53162 (base 7) to base 6
140435
What is -2320 (base 7) in base 8?
-1517
Convert -ac1 (base 15) to base 9.
-3301
Convert 19a (base 16) to base 7.
1124
Convert 183 (base 15) to base 9.
426
-221020 (base 4) to base 12
-1634
Convert 1804a (base 12) to base 14.
c88a
22 (base 11) to base 13
1b
Convert 134030 (base 6) to base 10.
12546
Convert -1346 (base 7) to base 2.
-1000001100
Convert f09 (base 16) to base 12.
2289
Convert 17cd (base 15) to base 11.
3956
6df (base 16) to base 2
11011011111
What is -b2 (base 12) in base 6?
-342
What is 4f (base 16) in base 11?
72
What is -6a1 (base 12) in base 11?
-816
-19ab (base 15) to base 3
-21121222
d5b4 (base 14) to base 13
139a7
What is 6360 (base 16) in base 3?
1021220020
What is 35071 (base 10) in base 5?
2110241
Convert -36452 (base 7) to base 15.
-2c2e
Convert -375 (base 9) to base 16.
-137
Convert -11303013 (base 4) to base 7.
-126150
What is 2072 (base 11) in base 14?
ddb
What is 101111111010 (base 2) in base 7?
11640
Convert -13333 (base 5) to base 15.
-4cd
-69 (base 16) to base 10
-105
Convert 333402 (base 5) to base 13.
5451
Convert -223332 (base 6) to base 5.
-1101140
Convert 399 (base 14) to base 11.
5a8
-120 (base 12) to base 5
-1133
Convert 238a (base 14) to base 2.
1100000110110
157 (base 13) to base 8
361
What is -196 (base 10) in base 3?
-21021
-2da1 (base 16) to base 11
-885a
Convert 4011 (base 9) to base 13.
1441
What is -532 (base 14) in base 3?
-1101221
2893 (base 16) to base 3
112020201
Convert -d0 (base 15) to base 7.
-366
What is 2c08c (base 13) in base 4?
110122102
4737 (base 9) to base 6
24141
What is -1b4c (base 14) in base 13?
-2352
What is 265 (base 13) in base 10?
421
What is 1035 (base 8) in base 16?
21d
100110000 (base 4) to base 5
4114231
-20022102 (base 3) to base 16
-11f9
-1130 (base 8) to base 2
-1001011000
What is 11030000 (base 4) in base 2?
101001100000000
Convert -1727 (base 13) to base 14.
-135b
Convert -2021 (base 15) to base 2.
-1101001111101
dd7 (base 15) to base 12
1987
What is -1107 (base 9) in base 2?
-1100110001
-98a (base 14) to base 2
-11101011110
What is -10174 (base 14) in base 13?
-14810
Convert 2705 (base 10) to base 8.
5221
What is 1775 (base 10) in base 11?
1374
What is -63253 (base 8) in base 15?
-7bc3
-37a8 (base 16) to base 13
-6640
14b96 (base 12) to base 6
343510
What is -11576 (base 12) in base 2?
-101101011101010
What is 11101011